ber?
False
Let g(a) = -a**3 - 12*a**2 - 7*a + 3. Let m(o) = -2*o**3 - 23*o**2 - 15*o + 6. Let q(r) = -5*g(r) + 3*m(r). Is q(-11) prime?
False
Suppose -49*k + 47*k = 5492. Let l = -1187 - k. Is l a prime number?
True
Let x be (-209)/((8/4)/(-4)). Let i = x - -928. Is i a prime number?
False
Let t be 2 + 0/(3 + -4). Suppose -j + 3*s = -96 - 95, -t*j + 362 = 4*s. Is j prime?
False
Let l(f) = -70*f + 1657. Is l(0) a composite number?
False
Suppose 71 = -3*w - 406. Let d be w/(2/(-16)*6). Suppose 4*c - 21 = -3*o + 190, -3*o = 5*c - d. Is o a composite number?
True
Let q = -11 - 23. Let f = 51 - q. Is f composite?
True
Suppose -3*u = 5*j - 34, 3*j - 17 = -2. Suppose -u*n + 532 = n. Is n a prime number?
False
Let l(w) = w**3 + 12*w**2 + 2*w - 6. Let b be l(-5). Suppose -4*u + b = -7*u. Let z = 14 - u. Is z a composite number?
False
Let s = -5216 + 11830. Is s composite?
True
Let v = 37 + -32. Suppose 6*b - v*b = 1285. Is b a composite number?
True
Let x(t) = -t**3 + 2*t**2 + 4*t. Let c be x(3). Suppose -4*b - 557 = c*y - 1440, 431 = 2*b + 5*y. Is b a prime number?
True
Suppose -12*q + 36944 = 212. Is q composite?
False
Let q(f) = -15*f + 15395. Is q(0) prime?
False
Let z be 57/38*(-3794)/(-3). Suppose -4*k = 3*x + k - z, -x + 627 = -k. Is x composite?
True
Let z(x) = -x**3 - x**2 - x + 1477. Let a(q) = 3*q**3 + 3*q**2 + 3*q - 4431. Let y(v) = -6*a(v) - 17*z(v). Is y(0) a prime number?
False
Let d be (348/(-15))/((-4)/470). Let k = -1603 + d. Is k composite?
False
Is -6 - (-2 + -7) - -9026 prime?
True
Suppose 13*v - 1224 = 11*v. Let a = v + -361. Is a a composite number?
False
Let a = 1263 - -94. Is a composite?
True
Let u = -2183 + 4018. Is u prime?
False
Suppose b = -8 + 12. Suppose -3*l - 1404 - 876 = -4*p, 5*p - 2849 = b*l. Is p a composite number?
True
Let w be (27/12)/3*4. Suppose w*n = 3*j - 1344, 2*j - 970 = 4*n - 64. Is j composite?
False
Let a(d) = -4*d - 15. Let v be a(-9). Suppose -v*n + 802 = -20*n. Is n a prime number?
False
Let l(u) = -u + 1. Let m be l(5). Let y be 734/8*16/m. Let n = -249 - y. Is n prime?
False
Let o be -2*4/8 - -93. Suppose -4*b + o = 3*d, -2*d = 3*d + 3*b - 135. Suppose 131 = 5*l - d. Is l prime?
True
Suppose 3*p - 9*p = -84. Is p/(-35) + (-4174)/(-10) prime?
False
Let d(h) = 6*h**2 + 4*h - 1. Let p = 5 - 4. Let a = 2 + p. Is d(a) prime?
False
Suppose 4*y - 23847 - 2029 = 0. Is y a composite number?
False
Let w(v) = v**2 + v - 1. Let f be w(1). Let l(d) = -10*d. Let h be l(f). Is (-15)/25 + (-476)/h a composite number?
False
Suppose -22*d - 3*a + 12025 = -20*d, -3*d + 18039 = 4*a. Is d a composite number?
True
Let l(y) = 1 - 41*y + 3 + 7*y**2 + 0*y**2 + 36*y. Let s be l(5). Suppose -v - s = -3*v. Is v a prime number?
False
Let t be 336/30 - 1/5. Let z = t + -19. Is ((-26)/(-6))/(z/(-48)) a composite number?
True
Suppose -4*i + 5*a = -7*i + 11, -5*a = -3*i + 1. Let y(l) = 4*l - 58. Let b be y(15). Suppose -k = -i*v - 2*v + 1585, b*k - 1197 = -3*v. Is v prime?
True
Is (5079/(-2))/(49/(-98)) a prime number?
False
Let z be 1*((-3)/1)/(-1). Suppose 4*o - 2*i + 8 = 0, o - 2*i = -0*o - 8. Is 970/(z - (o - -1)) prime?
False
Suppose 3*y = -1699 - 2186. Let j = -812 - y. Suppose 0 = 2*m + m - j. Is m a composite number?
True
Let j be (-1)/(-3) + 5/(-15). Let b(t) = -t + 1. Let d be b(j). Is (2222/(-77))/(d/(-7)) a prime number?
False
Is 21309/(-3)*(-312)/24 prime?
False
Let f(n) be the third derivative of 17*n**5/12 + n**4/6 - n**3/6 + 4*n**2. Is f(-2) prime?
True
Suppose -5*o + 3*o + 10 = 0. Suppose -2*b = 3*b + 2*g - 377, 2*b = -o*g + 134. Is b a composite number?
True
Suppose -4*f - 4*n = -2276, 0 = 3*f - f - 2*n - 1150. Let m = f + 905. Is m a composite number?
True
Let r be (-8)/10*10/(-4). Suppose 4*x + 288 = 5*z + 1200, 0 = 3*x + r*z - 661. Is x a composite number?
False
Let w = -37 + 71. Let q be 0/((-1)/1) - w. Is (0 + 3)*-1 - q composite?
False
Let h(g) = 2824*g - 441. Is h(6) a prime number?
False
Suppose -16 = r - 4*z, 2*r - 5*r + 20 = 5*z. Let c(a) = 11*a + 1067. Is c(r) a prime number?
False
Let o(u) = -116*u**2 - 3*u + 5. Let n be o(3). Let a = n + 1505. Is a composite?
False
Is 364990/45 - (-13)/117 a prime number?
True
Let f be (1 - 133)*(-2)/4. Is 1/(5/5) + f a composite number?
False
Suppose 2751*r - 1695001 = 2740*r. Is r composite?
True
Suppose -r + 26 = 2*r - t, -5*r = 5*t - 10. Suppose r*j - j - 762 = 0. Is j composite?
False
Let m be (-2 - -4)/2*643. Suppose -2*j - 3*t = -468 - m, j + t - 554 = 0. Is j prime?
False
Is (-32844)/(-16) - (-4)/16 a composite number?
False
Suppose 46279 = 33*c - 1315598. Is c composite?
False
Let s(y) = -41*y**2 + 3*y - 7. Let n be s(-4). Let p = 1181 + -2143. Let c = n - p. Is c composite?
True
Let p(m) = -m**3 + 12*m**2 + 14*m - 10. Let w be p(13). Let d be (1 - 1)/w + 1. Is 209 + d + -2 + 3 a prime number?
True
Suppose -2*o - 8 = -4*o, 14 = 3*g + 5*o. Let m(r) = r - 7. Let x be m(6). Is g*-19*x/(-2) prime?
True
Let k be ((-9)/(-4))/(9/2328). Suppose 2*u + 4*u = -k. Let t = 298 + u. Is t a composite number?
True
Let d = 1771 + -170. Is d composite?
False
Suppose -21 = 5*t + 4, -2*t = 4*k + 2. Let i be (1 - 0)/(k/226). Is 0*(-3)/(-6) + i a prime number?
True
Let l be (-14)/(-6) + 1 + 4/(-3). Let k(a) = 263*a**3 - a**2 - 3*a + 4. Is k(l) prime?
False
Suppose 4*q + 5*o = 9*o + 38464, -5*q - 4*o = -48035. Is q a prime number?
False
Let j be (-74)/(-4) + (-8)/(-16). Suppose -4*p = 2*n, -4*n + j = -4*p - 5. Suppose x - 5*c - 65 = -10, 2*x + n*c - 54 = 0. Is x a composite number?
True
Let p(u) = 22*u + 51. Suppose -5*v + 84 = -2*q, -4*v + q + q = -66. Is p(v) a composite number?
True
Let y(t) = 4*t + 2. Let d be y(-5). Let v(b) = -b**3 - 18*b**2 - 12*b - 13. Is v(d) composite?
True
Let j(u) = -u**2 - 3*u. Let k be j(-2). Let n(f) = k + 14*f**2 - 5*f - 2*f**2 - 3 - f**2. Is n(7) a composite number?
False
Suppose -2*w + 0*w = -12. Suppose -5*t + 917 = -2*p, 3*t - w*t - 2*p + 547 = 0. Is t a composite number?
True
Suppose 0 = 30*m - 7*m - 63089. Is m a prime number?
False
Suppose 3*w - 7 = -i - 3, -3*i - 3*w + 18 = 0. Suppose -k + i = -28. Is k prime?
False
Suppose 1925 = -4*d - 1907. Let v(b) = -b - 1935. Let p be v(0). Let c = d - p. Is c prime?
True
Let k(r) = 677*r + 171. Is k(4) a prime number?
True
Let b = -111681 - -188182. Is b a composite number?
True
Suppose -3*p = -2*n - 341, -4*n - 20 = n. Suppose 0 = -3*r + 3*a + p, 3*a + 59 + 126 = 5*r. Is r prime?
True
Suppose -y - 3*y + 2452 = 0. Suppose 7*a - 2*z - y = 6*a, -z + 1221 = 2*a. Is a prime?
False
Suppose -6*r = -2*r - 1112. Let l be (r/5)/(5/50). Is (l/(-4) - 0)*-1 prime?
True
Suppose -2*q + 3*q = 3*y + 20, 2*y + 2 = 0. Let c = -20 + q. Is (-2)/2*(-334 - c) composite?
False
Let u(p) = -p**3 + 2*p**2 + p - 2. Let y = 13 - 9. Let k be u(y). Let s = k + 52. Is s a prime number?
False
Let c(s) = 3*s**3 + 5*s**2 + s - 7. Let x(v) = 4*v**3 + 4*v**2 + v - 6. Let w(k) = -3*c(k) + 2*x(k). Is w(-10) composite?
True
Let l = -3339 + 10848. Is l a prime number?
False
Is -1*1/(-4) - (-1954005)/60 a composite number?
True
Let t(l) be the second derivative of -l**4/3 + l**3/3 + 4*l**2 - 7*l. Let v be t(-9). Is (-16)/4 + 1 - v a prime number?
True
Let g(o) = -15*o**3 - 4*o**2 - 3*o. Let f be g(-3). Let c = f - 219. Is c prime?
False
Let u = 176 + -109. Is u prime?
True
Is (36978/(-12))/(2/(-8)) prime?
False
Let m(b) = -2*b**3 + 117*b**2 + 91*b - 7. Is m(55) prime?
False
Let x = 627 - -1084. Is x a composite number?
True
Suppose 2*h + 3*b - 12 = 0, h - 3*b = -h. Suppose -h*s = 3*s + 2886. Is 4 - s/(3 + -2) prime?
False
Suppose 3*h - 10 = 2. Suppose 5*l - 12730 = 2*s + 8735, -5*s - 17189 = -h*l. Is l prime?
False
Suppose -3*a + 2*a + v = -7260, 3*v + 15 = 0. Is a composite?
True
Let x = 10 + -11. Let i be (-2 - x) + (-8 - -1). Let a(t) = -t**3 - 4*t**2 + 5*t - 5. Is a(i) a composite number?
False
Suppose 6*i - 403942 = -146980. Is i a prime number?
False
Let y = 32 + -200. Let g = y + 329. Is g a prime number?
False
Suppose 2*h - 4 = 8. Let n(t) = -t**3 + 5*t**2 + 9*t - 4. Let x be n(h). Suppose -x*a + 18*a = 1068. Is a a prime number?
False
Let b(a) = 22 + 15 + 2*a**2 - 38. Let p = 7 + -16. Is b(p) prime?
False
Suppose -36506 = -2*i - 2*c, 91261 = -i + 6*i + 3*c. Is i prime?
True
Let t = -2137 - -4050. Is t a composite number?
False